{"id":89,"date":"2019-07-22T22:39:08","date_gmt":"2019-07-22T20:39:08","guid":{"rendered":"http:\/\/www.orchestre-lacourneuve.com\/ohlc\/?page_id=89"},"modified":"2023-11-14T20:08:04","modified_gmt":"2023-11-14T19:08:04","slug":"presentation","status":"publish","type":"page","link":"https:\/\/www.orchestre-lacourneuve.com\/ohlc\/presentation\/","title":{"rendered":"Pr\u00e9sentation"},"content":{"rendered":"<p><strong>L\u2019ORCHESTRE D\u2019HARMONIE DE LA COURNEUVE<\/strong><\/p>\n<p>L\u2019Orchestre d\u2019Harmonie de La Courneuve existe depuis 150 ans, il regroupe 25 musiciens amateurs : instrumentistes \u00e0 vent, percussion et clavier. <br \/>Son chef d\u2019orchestre et directeur musical, Yannick Th\u00e9pault, a opt\u00e9 pour l\u2019\u00e9clectisme en mati\u00e8re de rencontres et de r\u00e9pertoires. Il a choisi de mettre l\u2019accent plus particuli\u00e8rement sur les musiques du monde, m\u00ealant r\u00e9pertoire klezmer et oriental, Sud am\u00e9ricain et africain\u2026 La formation a ainsi donn\u00e9 des concerts avec un ch\u0153ur camerounais, organis\u00e9 des soir\u00e9es celtiques avec sonneurs et danseurs Bretons, chorales d\u2019enfants et d\u2019adultes. Toujours \u00e0 l\u2019initiative de spectacles originaux l\u2019orchestre a \u00e9galement mont\u00e9 un r\u00e9pertoire avec un club de Nanbudo (art martial japonais) et enregistr\u00e9 des cr\u00e9ations de Fran\u00e7ois Jeanneau. <\/p>\n\n\n<p class=\"has-text-align-center has-normal-font-size\"><strong>Nous r\u00e9p\u00e9tons les lundis en p\u00e9riode scolaire de 20h30 \u00e0 22h00 au lyc\u00e9e Denis Papin, rue Lacazette &#8211; 93120 La Courneuve.&nbsp;<\/strong><\/p>\n","protected":false},"excerpt":{"rendered":"<p>L\u2019ORCHESTRE D\u2019HARMONIE DE LA COURNEUVE L\u2019Orchestre d\u2019Harmonie de La Courneuve existe depuis 150 ans, il regroupe 25 musiciens amateurs : instrumentistes \u00e0 vent, percussion et clavier. Son chef d\u2019orchestre et directeur musical, Yannick Th\u00e9pault, a opt\u00e9 pour l\u2019\u00e9clectisme en mati\u00e8re de rencontres et de r\u00e9pertoires. Il a choisi de mettre l\u2019accent plus particuli\u00e8rement sur les [&hellip;]<\/p>\n","protected":false},"author":4,"featured_media":0,"parent":0,"menu_order":0,"comment_status":"closed","ping_status":"closed","template":"template-fullwidth.php","meta":{"footnotes":""},"class_list":["post-89","page","type-page","status-publish","hentry"],"_links":{"self":[{"href":"https:\/\/www.orchestre-lacourneuve.com\/ohlc\/wp-json\/wp\/v2\/pages\/89","targetHints":{"allow":["GET"]}}],"collection":[{"href":"https:\/\/www.orchestre-lacourneuve.com\/ohlc\/wp-json\/wp\/v2\/pages"}],"about":[{"href":"https:\/\/www.orchestre-lacourneuve.com\/ohlc\/wp-json\/wp\/v2\/types\/page"}],"author":[{"embeddable":true,"href":"https:\/\/www.orchestre-lacourneuve.com\/ohlc\/wp-json\/wp\/v2\/users\/4"}],"replies":[{"embeddable":true,"href":"https:\/\/www.orchestre-lacourneuve.com\/ohlc\/wp-json\/wp\/v2\/comments?post=89"}],"version-history":[{"count":37,"href":"https:\/\/www.orchestre-lacourneuve.com\/ohlc\/wp-json\/wp\/v2\/pages\/89\/revisions"}],"predecessor-version":[{"id":2282,"href":"https:\/\/www.orchestre-lacourneuve.com\/ohlc\/wp-json\/wp\/v2\/pages\/89\/revisions\/2282"}],"wp:attachment":[{"href":"https:\/\/www.orchestre-lacourneuve.com\/ohlc\/wp-json\/wp\/v2\/media?parent=89"}],"curies":[{"name":"wp","href":"https:\/\/api.w.org\/{rel}","templated":true}]}}